
41
Let r(k) = -445*k - 189. Determine r(-1).
256
Let m(y) = -y**3 - 13*y**2 - 33*y - 379. Give m(-13).
50
Let b(d) = 29*d - 810. Calculate b(29).
31
Let q(v) = 4*v**2 - 31*v + 14. Calculate q(7).
-7
Let z(s) = s**3 + 9*s**2 - 23*s - 26. Determine z(-11).
-15
Let q(k) = -6225*k - 80938. Give q(-13).
-13
Let h(k) = 71*k - 413. Calculate h(6).
13
Let o(d) = -d**3 + 4*d**2 - 16*d + 60. Give o(6).
-108
Let v(n) = -n**3 - 286*n**2 - 278*n + 2013. Determine v(-285).
18
Let l(p) = -p**3 + 9*p**2 + 25*p - 269. Give l(7).
4
Let i(z) = z**3 - 71*z**2 + 141*z - 228. Determine i(69).
-21
Let p(t) = 85*t**3 + 8*t - 7. Calculate p(1).
86
Let i(k) = -k**2 - 45*k - 432. Give i(-17).
44
Let z(o) = 963*o - 22160. What is z(23)?
-11
Let c(h) = -772*h + 555. Calculate c(2).
-989
Let d(b) = 19*b**2 - 1. Give d(2).
75
Let z(b) = 258*b + 5177. Determine z(-20).
17
Let a(t) = 29*t + 178. Calculate a(-11).
-141
Let h(c) = 23*c**2 - 84*c - 37. Give h(4).
-5
Let h(d) = 22*d**2 - 125*d - 635. Calculate h(9).
22
Let n(k) = 4*k**2 - 12*k + 25. What is n(7)?
137
Let g(k) = 673*k + 1914. Give g(-3).
-105
Let o(k) = -k - 174. What is o(-39)?
-135
Let f(w) = -2*w**3 + 25*w**2 - 47*w + 5. Give f(10).
35
Let f(q) = -46*q - 87. What is f(-2)?
5
Let t(u) = -2*u**3 + 106*u + 6. Determine t(0).
6
Let u(r) = 6*r. What is u(-1)?
-6
Let i(y) = y**3 + 22*y**2 + 108*y - 26. Determine i(-8).
6
Let p(l) = 138*l - 556. Give p(4).
-4
Let b(j) = -54*j - 51. Determine b(-5).
219
Let q(m) = -m**3 - 62*m**2 - 161*m - 2463. Determine q(-60).
-3
Let k(q) = -4*q**3 + 48*q**2 + q - 26. What is k(12)?
-14
Let c(t) = -84*t + 1. Determine c(1).
-83
Let b(f) = 3*f**2 + 62*f + 222. What is b(-16)?
-2
Let l(i) = -i - 13. Calculate l(-16).
3
Let h(t) = 3258*t + 9796. Determine h(-3).
22
Let s(c) = 86*c - 207. What is s(1)?
-121
Let q(r) = r**3 + 4*r**2 + 3*r - 22. Calculate q(-5).
-62
Let g(x) = -2*x**2 + 182*x - 202. Give g(90).
-22
Let f(t) = -t**3 + 2*t**2 + 14*t - 54. Give f(4).
-30
Let g(b) = -98*b**2 + 290*b + 5. Determine g(3).
-7
Let m(f) = -f**3 - 275*f**2 - 803*f + 42. Determine m(-3).
3
Let a(z) = -z**3 + 6*z**2 + 139*z + 31. Calculate a(-9).
-5
Let j(r) = -54*r + 1730. Give j(34).
-106
Let i(k) = 19053*k - 2. Calculate i(0).
-2
Let v(z) = 5*z**2 + 55*z - 188. Determine v(3).
22
Let u(z) = -z**3 + 8*z**2 - 4*z + 32. Give u(8).
0
Let d(o) = -8*o**3 - 4*o**2 + 3*o - 3. Give d(-4).
433
Let l(z) = z**3 + 15*z**2 - 849*z - 565. Determine l(23).
10
Let z(a) = -2*a**2 - 166*a - 2975. Determine z(-57).
-11
Let w(v) = -86*v - 835. Give w(-10).
25
Let r(q) = 118*q**2 + 6*q + 5. Calculate r(-1).
117
Let y(u) = 5*u**2 - 11*u - 2673. What is y(-22)?
-11
Let x(y) = -30*y**2 + 17. Give x(0).
17
Let l(g) = 2600*g + 18209. Give l(-7).
9
Let a(x) = -x**3 + 20*x**2 - 10*x + 211. Calculate a(20).
11
Let v(g) = -9*g**2 - 4259*g - 25232. Calculate v(-6).
-2
Let j(y) = 29*y - 7523. Calculate j(259).
-12
Let a(h) = h**2 + 12*h + 37. Determine a(-5).
2
Let j(p) = -202*p + 10499. Determine j(52).
-5
Let v(i) = -16*i + 89. Calculate v(4).
25
Let j(t) = 2*t**2 + 211*t - 1568. Determine j(7).
7
Let o(x) = -5432*x + 244440. Determine o(45).
0
Let h(v) = 8*v**2 - 96*v + 12. Give h(7).
-268
Let r(x) = x**3 + 26*x**2 - 37*x - 539. What is r(-27)?
-269
Let x(h) = h**2 + 50*h - 74. Give x(-52).
30
Let m(s) = -6*s - 61. Calculate m(-30).
119
Let g(i) = 4*i**2 + 41*i + 108. Give g(-4).
8
Let n(o) = 19*o**2 - 9*o - 6. Give n(-1).
22
Let b(y) = y**2 - 20*y - 7298. Determine b(96).
-2
Let r(m) = 37*m - 2572. What is r(69)?
-19
Let d(g) = g**3 - 90*g**2 + 142*g + 2992. What is d(88)?
0
Let h(g) = -146*g - 6867. What is h(-47)?
-5
Let g(v) = -10*v**3 + 390*v**2 - 18*v + 722. Give g(39).
20
Let v(x) = -2*x**2 - 17*x - 16. What is v(-9)?
-25
Let q(i) = 1284*i + 1323. Give q(-1).
39
Let g(v) = -2014*v + 13916. Calculate g(7).
-182
Let x(a) = 26*a - 65. Calculate x(5).
65
Let h(s) = 5*s**2 - 276*s + 1844. What is h(7)?
157
Let a(n) = n**3 - 20*n**2 - 13*n - 169. Calculate a(21).
-1
Let j(v) = -3*v**2 - 73*v + 88. Determine j(-27).
-128
Let l(m) = 99*m**2 - 3*m - 9. Determine l(2).
381
Let t(i) = 14*i**2 + 39*i - 344. Calculate t(8).
864
Let j(p) = -p**2 - 2046*p - 22392. Calculate j(-11).
-7
Let r(w) = w**2 + 21*w - 62. Calculate r(-25).
38
Let v(i) = -114*i - 8693. What is v(-77)?
85
Let u(q) = 2864*q - 71611. What is u(25)?
-11
Let z(y) = y**3 - 10*y**2 + 1470*y - 13150. What is z(9)?
-1
Let o(v) = -33*v**2 + 185*v - 2. What is o(5)?
98
Let i(k) = 77*k + 646. Determine i(-7).
107
Let k(p) = 71*p + 221. What is k(-16)?
-915
Let t(f) = -f**3 + 3*f**2 + 28*f - 215. Give t(9).
-449
Let n(o) = o**3 - 10*o**2 - 29*o + 227. Determine n(11).
29
Let t(q) = 290*q + 16229. Determine t(-56).
-11
Let t(z) = 233*z - 1857. Determine t(8).
7
Let q(c) = -2*c**2 + 195*c - 3094. Calculate q(20).
6
Let i(y) = y**2 + 5*y - 40. Give i(4).
-4
Let y(j) = -j**2 - 39*j - 158. Determine y(-38).
-120
Let w(o) = -6*o**2 + 400*o - 1026. Give w(64).
-2
Let l(k) = 2*k**2 - 246*k - 3860. Give l(-14).
-24
Let v(c) = -1657*c - 1625. Determine v(-1).
32
Let p(d) = d**3 + 21*d**2 + 80*d - 5. Calculate p(-16).
-5
Let u(b) = -34*b + 183. Calculate u(5).
13
Let h(x) = -x + 78. What is h(-11)?
89
Let o(v) = v**3 - 3*v**2 - 4*v - 8. Give o(-3).
-50
Let v(x) = x**2 - 2529*x - 15241. Determine v(-6).
-31
Let g(t) = -2*t**3 - 5*t**2 - 31*t - 43. What is g(-6)?
395
Let i(g) = -2*g**3 - 104*g**2 + 335*g + 279. Determine i(-55).
4
Let n(t) = -31*t + 129. Give n(14).
-305
Let z(s) = s**2 + 8*s + 17. Give z(-3).
2
Let l(z) = 3*z**3 + 21*z**2 + 28*z + 152. Give l(-9).
-586
Let r(c) = c**3 - 17*c**2 + 57*c + 34. Give r(12).
-2
Let d(q) = 3*q**2 + 23*q - 1146. Determine d(16).
-10
Let b(y) = -5*y**2 + 362*y + 1365. What is b(76)?
-3
Let a(k) = -k**2 - 42*k - 64. Give a(-35).
181
Let k(n) = n**2 - 13*n - 178. What is k(-16)?
286
Let d(h) = 2274*h - 59124. Determine d(26).
0
Let y(c) = 499*c - 383. What is y(-1)?
-882
Let w(x) = -x**3 + 19*x**2 + 151*x - 27. Give w(25).
-2
Let x(f) = -4*f**3 - 27*f**2 - 56*f - 29. Calculate x(-3).
4
Let q(a) = -14*a + 1376. Give q(99).
-10
Let v(z) = z**3 + 10*z**2 - 14*z + 23. Determine v(-11).
56
Let x(p) = 177*p - 38. What is x(1)?
139
Let r(u) = 36*u**2 - 219*u + 220. Determine r(1).
37
Let z(k) = k**2 - 247*k + 6689. Give z(31).
-7
Let s(y) = 2*y**3 - 2*y**2 - y + 10. Determine s(5).
205
Let l(v) = 206*v + 4372. Determine l(-22).
-160
Let n(j) = j**2 - 905*j - 7313. What is n(-8)?
-9
Let j(l) = -l**3 - 15*l**2 + 21*l + 327. Give j(-15).
12
Let v(q) = -q**3 + 24*q**2 - 139*q - 20. Determine v(14).
-6
Let n(t) = -38*t**2 + 9387*t - 254. What is n(247)?
-7
Let j(z) = -2*z**3 - 7*z**2 + 8*z. Calculate j(-6).
132
Let l(t) = 52*t - 1096. Calculate l(18).
-160
Let k(q) = -37*q - 722. Calculate k(-14).
-204
Let a(x) = -6234*x - 31172. Determine a(-5).
-2
Let n(b) = -b**3 + 27*b**2 - 31*b + 89. Calculate n(26).
-41
Let l(t) = 27*t + 15. What is l(-6)?
-147
Let j(l) = l**2 + 35*l - 223. Give j(-41).
23
Let x(o) = 5*o**2 - 50*o + 133. Give x(4).
13
Let g(p) = p**3 - 4*p**2 - 20*p + 19. Determine g(-3).
16
Let p(o) = -40*o - 236. Determine p(-6).
4
Let u(o) = -9*o**2 + 174*o - 41. Determine u(19).
16
Let p(z) = -27*z - 106. Determine p(-17).
353
Let o(q) = -19*q**2 - 25*q + 30. Give o(-5).
-320
Let l(v) = v**2 - 79*v + 527. Determine l(7).
23
Let s(f) = -52*f**2 - 4*f - 13. What is s(0)?
-13
Let p(z) = z + 66. Give p(51).
117
Let r(i) = 2*i**2 + 12*i + 3. What is r(-7)?
17
Let l(v) = -175*v + 1913. Calculate l(11).
-12
Let r(o) = o**3 + 21*o**2 - 29*o + 14. Determine r(-21).
623
Let x(i) = 4*i**3 + 19*i**2 + 10*i + 66. What is x(-5)?
-9
Let w(r) = 50*r + 1602. Calculate w(-32).
2
Let w(h) = -189*h + 9091. Give w(48).
19
Let y(j) = -j**3 - 10*j**2 - j - 9. Give y(0).
-9
Let o(u) = u**3 + 7*u + 43. Calculate o(0).
43
Let c(u) = u**3 - 5*u**2 - 24*u + 63. Calculate c(7).
-7
Let d(z) = -331*z + 695. Determine d(2).
33
Let w(k) = -574*k + 2108. Calculate w(4).
-188
Let s(q) = -14*q**3 - 4*q**2 - 815*q - 811. Calculate s(-1).
14
Let u(n) = -18*n**3 + 3*n**2 - 6*n + 1. Calculate u(2).
-143
Let i(m) = 70*m**2 - 15*m + 20. Determine i(2).
270
Let r(q) = 238*q + 428. What is r(-2)?
-48
Let z(y) = -y - 98. Determine z(-25).
-73
Let k(c) = -16*c**2 + 1712*c + 36. What is k